((-102)/(-85))/((-6)/40). Let a(c) = c**2 + 7*c + 6. Let y(x) = 6*x**2 + 36*x + 33. Let q(u) = g*a(u) + 2*y(u). Give q(4).
-4
Let g be 4/(-8)*(0 + 2). Let j be 10/(3/(-2 + g)). Let o(w) = 0*w**3 + w**3 - 4030 - 4*w + 4030 + 9*w**2 - 6*w. What is o(j)?
0
Let u(c) = -4. Let j(v) = -v - 2. Let i = -111 + 114. Let h(a) = i*u(a) - 4*j(a). Give h(3).
8
Let d(t) be the second derivative of -7*t**6/720 - t**5/24 - 3*t**4 - 3*t - 3. Let v(q) be the third derivative of d(q). Determine v(-2).
9
Let k(o) be the second derivative of 29*o**3/6 + 51*o**2 - 3753*o - 1. Determine k(-4).
-14
Let m(i) = 7*i - 20. Let y(z) = 4*z - 10. Let b(h) = 3*m(h) - 5*y(h). Suppose 0 = -17*v + 16*v + 65. Let f = v - 65. Calculate b(f).
-10
Let s be 0*(-1 - (-2)/8*2). Let i(b) = 0*b + s*b - 1 - b. Let p = -5 - -11. Give i(p).
-7
Let g(x) = 2*x - 5. Let k be -15 + 27/3 + 3. Give g(k).
-11
Let f(d) = -3*d - 57 - 3*d + 12 + 0*d. Calculate f(-10).
15
Let w(g) = 7*g**3 + g + 1. Let j(a) = -23*a**3 - a**2 - 16*a - 16. Let y(h) = j(h) + 13*w(h). Give y(-1).
-69
Let q = -36692 - -36694. Let j(c) = 20*c**2 - 3*c. Calculate j(q).
74
Suppose 12435*o + 0 = 12454*o - 0. Let c(m) = m**2 + 4*m + 11. Determine c(o).
11
Let p(a) = 8*a - 20*a + 68 + 16*a + 2*a - 3*a. Determine p(-19).
11
Let z(s) = -15*s + 1. Let f = 70 - 46. Suppose 10 = l - f. Let c = -35 + l. Give z(c).
16
Let y(r) = 6*r - 3. Let w(j) = j**2 - 1. Let d(k) = 6*k**2 - 13*k + 2. Let b(q) = -d(q) + 5*w(q). Let i(a) = 4*b(a) - 9*y(a). Determine i(-1).
-3
Let n(s) = s**3 + 12*s**2 + 11*s - 3. Suppose y - 5*y = -q + 3121, 5*y + q = -3908. Let x be (y/(-142))/((-2)/4). Give n(x).
-3
Suppose 120 = -21*n - 2*n - n. Let h(f) = 22*f + 112. What is h(n)?
2
Let d(p) be the third derivative of -13*p**6/120 - p**5/30 - 5*p**4/12 - 3*p**3/2 - p**2 + 4*p - 46. What is d(-1)?
12
Let a(q) be the second derivative of q**3/6 + q**2/2 + q. Let r = 116893 + -116901. Determine a(r).
-7
Let d(j) = j - 4. Let l = 178 - -11. Suppose 25*u - 11 = l. Calculate d(u).
4
Let a be (16 + -13)*(-7 + 4). Let p(w) = -9*w - 67. Determine p(a).
14
Suppose 2*y - 20 = 3*k, -21*y + 22*y - 52 = 5*k. Let p(w) = -9*w**2 - 3*w - 4 - w**3 - 6*w - 2. Calculate p(y).
2
Let r(s) = -13*s + 24 - 34*s + 17*s + 154 - 36. Determine r(5).
-8
Let s(a) = 13*a - 3. Let k(u) = u**2 + 6*u - 1. Let y(x) = -2*k(x) + s(x). Calculate y(3).
-16
Let k(z) be the third derivative of -z**6/120 + z**5/30 + z**4/24 - 2*z**3/3 + 45*z**2. Let y be k(-2). Let g(b) = -b**3 + 10*b**2 + b - 9. Determine g(y).
1
Let z be -9*(0 - (0 + -1)). Let b(o) = o - 44. Let c(s) = s - 55. Let y(w) = -5*b(w) + 4*c(w). Calculate y(z).
9
Let h be (1140/300)/((-3)/(-15)). Let d(b) = b**3 - 18*b**2 - 22*b + 24. Give d(h).
-33
Let n(s) = 16*s + 28. Let m be n(-6). Let d = m - -94. Let r(a) = -7*a**2 + d - 25 - 4*a**2 - a. Give r(1).
-11
Let g = -7807 + 93685/12. Let d(j) be the second derivative of -g*j**4 + 0 + 5/6*j**3 + 28*j + 2*j**2. Calculate d(5).
4
Let o(u) = u**3 + 6*u**2 + 11*u + 5. Let x = -972 + 968. Give o(x).
-7
Let v(p) = -5*p - 4 - 4*p + 11*p - p. Let g be (2/6)/((-1)/(-33)). Suppose 0 = -4*t - 5*k + g - 31, 2*t + 2*k = -10. Determine v(t).
-9
Let r(g) be the first derivative of 10*g**3/3 - g - 3. Let f = -40 - 28. Let u = 69 + f. Determine r(u).
9
Suppose -3*l + 15 = 2*c, 2*l + 7*c - 2*c + 1 = 0. Let o(r) = -l*r + 2045 + 0*r**2 - 2047 - r**2. Give o(-7).
-2
Let h(w) be the third derivative of -w**5/60 - w**4/12 + 7*w**3/6 + 2*w**2. Suppose 4*b - 98 = 6*a - 56, 4*a + 32 = 4*b. Determine h(a).
-8
Let d(l) be the third derivative of -l**5/60 - l**4/4 + 13*l**3/6 - 1030*l**2. Determine d(-6).
13
Let r(g) = -g**3 - 2*g**2 + g - 1. Suppose 4*p - 14 = -2*k, 4*p + p = 5. Let u = 243 - 239. Suppose -k*f - 2 = -u*f. What is r(f)?
-3
Let r = 338 + -323. Suppose r*l - 15 = 15. Let f(y) = -y**2 + 2*y - 2. Calculate f(l).
-2
Let w(f) = 38*f - 38. Let m(o) = -60*o + 38. Let r(q) = -2*m(q) - 3*w(q). Determine r(-5).
8
Let y be 32/24*9/4. Let o(v) = 2*v**2 - 4*v + 2. Let l be o(2). Let t(b) = -7*b + b**l - y*b**2 + 0*b**2 + 3*b**2. Calculate t(6).
-6
Suppose -3*x + 8 = -5*x. Let u(y) = -y + 1. Let j(c) = c**3 - 8*c**2 - 5*c + 11. Suppose -7*o + 4 = o - 4. Let n(b) = o*j(b) + x*u(b). Calculate n(8).
-1
Suppose -5*g + g - 4*t = 0, t = -2*g + 5. Let r(n) be the third derivative of -1/2*n**3 + 1/60*n**5 + 14*n**2 + 0 - 5/24*n**4 + 0*n. Calculate r(g).
-3
Let y(x) = x**3 - x**2 - 2*x + 3. Let j(q) = q - 8. Suppose 0 = -5*t + 9 + 1. Suppose 5*s = m - 34 - t, 5*m - 3*s = 70. Let h be j(m). What is y(h)?
15
Let j(h) = 13*h + 67. Let q be j(-5). Let l(a) = 24*a - 3. Give l(q).
45
Let f(a) = -6*a**2 + 5*a + 7. Let v be f(-1). Let m(r) = 6*r - 9. Let s(c) = -c + 3. Let l(j) = v*s(j) - m(j). Determine l(5).
-13
Let l(t) = -8*t**2 - 10*t - 25. Let h(z) be the third derivative of 3*z**5/20 + 5*z**4/12 + 29*z**3/6 - 21*z**2 - 5*z. Let r(p) = -5*h(p) - 6*l(p). Give r(-4).
13
Let k(o) = -o**2 + 5*o + 13. Let n(t) = 2*t**2 - 96*t + 808. Let p be n(37). What is k(p)?
-53
Let j(d) = -d + 42. Suppose 106*h - 23 - 19 = -678. What is j(h)?
48
Let b(k) be the second derivative of -k**5/20 + 7*k**4/12 - k**3/2 + k**2/2 - 27041*k. Let x be -6*(-4 - -2 - -5). Let f = -11 - x. Calculate b(f).
-20
Let r(d) = -7*d**3 - 2*d**2 - d + 1. Let j(i) = i**3 + i**2 - 1. Let x(h) = 2*j(h) + r(h). Calculate x(2).
-43
Let f(h) = -h**2 - 5*h. Let n(z) = z**3 - 5*z**2 + 10*z - 7. Let m be n(8). Suppose -7*c - m = 155. Let v be (c/27 - -2) + (-258)/54. Determine f(v).
0
Let z = 58 - 55. Suppose 0 = z*j - 4*b - 3, 2*b - b + 7 = 2*j. Let x(v) = v**2 - v - 1. Determine x(j).
19
Let t(p) be the second derivative of -2*p**3/3 - 8*p**2 - 2*p - 15. Calculate t(-12).
32
Let f(n) = n - 6. Let v = -288 + 290. Suppose 43 - 61 = -v*q. Give f(q).
3
Let q(h) = -5*h**2 + 12*h**2 - 2241*h - 5 - 6*h**2 + 2236*h. Let j be 94/14 - 12/(-42). Give q(j).
9
Let q(w) = w**3 + 6*w**2 - 10*w + 2. Let v(r) = -2*r**3 - 12*r**2 + 21*r - 5. Let m(x) = -7*q(x) - 3*v(x). Let d = 182 + -143. Let k = d - 46. What is m(k)?
1
Let i(l) = l**2 + 14*l + 36. Let d be i(-11). Suppose -3*u = 4*j - 20, -1 - d = 2*j - 2*u. Suppose 0 = -j*q - 3*q + 30. Let w(s) = 3*s - 3. What is w(q)?
15
Let h(u) be the second derivative of u**5/20 + 5*u**4/12 - u**3/3 + 5*u**2 - 929*u. Give h(-5).
20
Let c(t) = t**3 + 12*t**2 + 7*t - 23. Let n be 4*-2 - 36/48*4. Determine c(n).
21
Let o(s) = 9*s**3 + s. Let f(t) = -2*t**2 - 7 + 2*t**2 - 2*t - t**2 + 3*t**2. Let i be f(3). Suppose i*g - 2*m + 1 = 2*m, 2*g = 2*m. What is o(g)?
-10
Let q(m) = -13 + 3*m - 11*m + 0*m - 5*m. Let d(r) = -3*r. Let t(p) = 5*d(p) - q(p). Calculate t(10).
-7
Let x(u) = -28*u + 227. Let g be 12/(36/(-81)*-9 - 25/10). What is x(g)?
3
Suppose 74*l + 31 = 569*l + 4981. Let b(v) = -v**3 - 10*v**2 - 4*v - 40. What is b(l)?
0
Let n(g) = 15*g**2 - 5*g - 26. Let j(h) = -23*h**2 + 7*h + 40. Let v(i) = -2*j(i) - 3*n(i). Suppose 5*s - 3 = 5*w + 2, 4*s = -5*w - 32. Give v(w).
10
Let v(p) be the second derivative of -p**4/12 - 3*p**3/2 - p**2/2 + 2*p. Let o = -80604 + 80595. Calculate v(o).
-1
Let y(z) = -157*z**2 + 30*z - 214. Let u(d) = 63*d**2 - 16*d + 107. Let k(o) = -5*u(o) - 2*y(o). Give k(11).
-8
Let s(t) be the second derivative of t**5/20 - 7*t**4/12 - t**3 - 15*t**2/2 + 27*t - 36. Determine s(7).
-57
Let l = -20 + 22. Let r(q) be the second derivative of -q**4/3 + q**3/6 + 777*q. Give r(l).
-14
Let t(r) = 3 - 7 + 13*r + 8 + r**2 + 7 + 9. Suppose -7*m - 108 = 2*m. Calculate t(m).
8
Let y be ((-32045)/(-20))/17*4. Let t(p) = y*p**2 + 374*p**2 - 742*p**2. What is t(-1)?
9
Let b(k) = 4*k**3 + 11*k**2 + 8*k - 2. Let m be (4/(-3))/1 - (-507)/117. Let i(o) = 3*o**3 + 10*o**2 + 8*o - 2. Let j(v) = m*i(v) - 2*b(v). Calculate j(-6).
22
Suppose 94 + 126 = -55*k. Let r(n) = -n**3 - 4*n**2 - 2. What is r(k)?
-2
Let b(y) be the first derivative of -4*y + 113 + 17 + 3*y**2 + 59 - 2*y**2 + 23. What is b(2)?
0
Let f(b) = 4*b - 2 + 14*b - 15*b. Let n(g) = -2*g - 16. Let u be n(-9). Suppose -10 = -4*y + u*y. Determine f(y).
13
Let n(q) = -4*q - 39. Suppose 4*r - 6*r - 26 = 4*f, 0 = -r - 4*f - 17. Determine n(r).
-3
Let w(j) be the second derivative of j**5/60 + j**4/4 + 7*j**3/6 - 95*j**2/2 - 70*j. Let r(g) be the first derivative of w(g). Give r(-6).
7
Let k = -319 - 